{"id":100,"date":"2023-07-17T10:24:17","date_gmt":"2023-07-17T10:24:17","guid":{"rendered":"https:\/\/mftprojektkezelo.hu\/?page_id=100"},"modified":"2023-07-17T10:24:55","modified_gmt":"2023-07-17T10:24:55","slug":"project-management","status":"publish","type":"page","link":"https:\/\/mftprojektkezelo.hu\/index.php\/en\/project-management\/","title":{"rendered":"Project Management"},"content":{"rendered":"\n<p>From the 2018 financial year, our company has set itself the goal of entering a new market with its accumulated expertise, highly qualified human resources and modern technical equipment. We would like to offer our spare capacities as subcontractors for larger projects that require significant organisation, planning, logistics and careful implementation.<\/p>\n\n\n\n<p>All this in the following areas:<\/p>\n\n\n\n<ul class=\"wp-block-list\">\n<li>purchase and installation of sports equipment, sports equipment<\/li>\n\n\n\n<li>cleaning of any kind of environment<\/li>\n\n\n\n<li>carrying out mechanical work<\/li>\n\n\n\n<li>structural alterations to buildings\n<ul class=\"wp-block-list\">\n<li>plasterboarding<\/li>\n\n\n\n<li>painting<\/li>\n\n\n\n<li>cladding<\/li>\n\n\n\n<li>masonry<\/li>\n\n\n\n<li>etc.<\/li>\n<\/ul>\n<\/li>\n\n\n\n<li>maintenance<\/li>\n\n\n\n<li>renovation<\/li>\n<\/ul>\n\n\n<div class=\"wp-block-image\">\n<figure class=\"aligncenter size-full\"><img fetchpriority=\"high\" decoding=\"async\" width=\"1000\" height=\"589\" src=\"https:\/\/mftprojektkezelo.hu\/wp-content\/uploads\/2023\/07\/Project-1.jpeg\" alt=\"\" class=\"wp-image-101\" srcset=\"https:\/\/mftprojektkezelo.hu\/wp-content\/uploads\/2023\/07\/Project-1.jpeg 1000w, https:\/\/mftprojektkezelo.hu\/wp-content\/uploads\/2023\/07\/Project-1-300x177.jpeg 300w, https:\/\/mftprojektkezelo.hu\/wp-content\/uploads\/2023\/07\/Project-1-768x452.jpeg 768w, https:\/\/mftprojektkezelo.hu\/wp-content\/uploads\/2023\/07\/Project-1-825x486.jpeg 825w, https:\/\/mftprojektkezelo.hu\/wp-content\/uploads\/2023\/07\/Project-1-600x353.jpeg 600w, https:\/\/mftprojektkezelo.hu\/wp-content\/uploads\/2023\/07\/Project-1-400x236.jpeg 400w\" sizes=\"(max-width: 1000px) 100vw, 1000px\" \/><\/figure>\n<\/div>","protected":false},"excerpt":{"rendered":"<p>From the 2018 financial year, our company has set itself the goal of entering a new market with its accumulated expertise, highly qualified human resources and modern technical equipment. We&hellip;<a href=\"https:\/\/mftprojektkezelo.hu\/index.php\/en\/project-management\/\" class=\"more-link\"><span class=\"more-button\">Continue reading<span class=\"screen-reader-text\">Project Management<\/span><\/span><\/a><\/p>\n","protected":false},"author":1,"featured_media":0,"parent":0,"menu_order":0,"comment_status":"closed","ping_status":"closed","template":"templates\/full-width-page.php","meta":{"footnotes":""},"class_list":["post-100","page","type-page","status-publish","hentry"],"yoast_head":"<!-- This site is optimized with the Yoast SEO plugin v27.2 - https:\/\/yoast.com\/product\/yoast-seo-wordpress\/ -->\n<title>Project Management - Mft ProjektKezel\u0151 Kft<\/title>\n<meta name=\"robots\" content=\"index, follow, max-snippet:-1, max-image-preview:large, max-video-preview:-1\" \/>\n<link rel=\"canonical\" href=\"https:\/\/mftprojektkezelo.hu\/index.php\/en\/project-management\/\" \/>\n<meta property=\"og:locale\" content=\"en_US\" \/>\n<meta property=\"og:type\" content=\"article\" \/>\n<meta property=\"og:title\" content=\"Project Management - Mft ProjektKezel\u0151 Kft\" \/>\n<meta property=\"og:description\" content=\"From the 2018 financial year, our company has set itself the goal of entering a new market with its accumulated expertise, highly qualified human resources and modern technical equipment. We&hellip;Continue readingProject Management\" \/>\n<meta property=\"og:url\" content=\"https:\/\/mftprojektkezelo.hu\/index.php\/en\/project-management\/\" \/>\n<meta property=\"og:site_name\" content=\"Mft ProjektKezel\u0151 Kft\" \/>\n<meta property=\"article:publisher\" content=\"https:\/\/www.facebook.com\/jozsef.marosvolgyi.3\" \/>\n<meta property=\"article:modified_time\" content=\"2023-07-17T10:24:55+00:00\" \/>\n<meta property=\"og:image\" content=\"https:\/\/mftprojektkezelo.hu\/wp-content\/uploads\/2023\/07\/Project-1.jpeg\" \/>\n<meta name=\"twitter:card\" content=\"summary_large_image\" \/>\n<script type=\"application\/ld+json\" class=\"yoast-schema-graph\">{\"@context\":\"https:\/\/schema.org\",\"@graph\":[{\"@type\":\"WebPage\",\"@id\":\"https:\/\/mftprojektkezelo.hu\/index.php\/en\/project-management\/\",\"url\":\"https:\/\/mftprojektkezelo.hu\/index.php\/en\/project-management\/\",\"name\":\"Project Management - Mft ProjektKezel\u0151 Kft\",\"isPartOf\":{\"@id\":\"https:\/\/mftprojektkezelo.hu\/#website\"},\"primaryImageOfPage\":{\"@id\":\"https:\/\/mftprojektkezelo.hu\/index.php\/en\/project-management\/#primaryimage\"},\"image\":{\"@id\":\"https:\/\/mftprojektkezelo.hu\/index.php\/en\/project-management\/#primaryimage\"},\"thumbnailUrl\":\"https:\/\/mftprojektkezelo.hu\/wp-content\/uploads\/2023\/07\/Project-1.jpeg\",\"datePublished\":\"2023-07-17T10:24:17+00:00\",\"dateModified\":\"2023-07-17T10:24:55+00:00\",\"breadcrumb\":{\"@id\":\"https:\/\/mftprojektkezelo.hu\/index.php\/en\/project-management\/#breadcrumb\"},\"inLanguage\":\"en-US\",\"potentialAction\":[{\"@type\":\"ReadAction\",\"target\":[\"https:\/\/mftprojektkezelo.hu\/index.php\/en\/project-management\/\"]}]},{\"@type\":\"ImageObject\",\"inLanguage\":\"en-US\",\"@id\":\"https:\/\/mftprojektkezelo.hu\/index.php\/en\/project-management\/#primaryimage\",\"url\":\"https:\/\/mftprojektkezelo.hu\/wp-content\/uploads\/2023\/07\/Project-1.jpeg\",\"contentUrl\":\"https:\/\/mftprojektkezelo.hu\/wp-content\/uploads\/2023\/07\/Project-1.jpeg\",\"width\":1000,\"height\":589,\"caption\":\"Businessman pressing a Project concept button.\"},{\"@type\":\"BreadcrumbList\",\"@id\":\"https:\/\/mftprojektkezelo.hu\/index.php\/en\/project-management\/#breadcrumb\",\"itemListElement\":[{\"@type\":\"ListItem\",\"position\":1,\"name\":\"Home\",\"item\":\"https:\/\/mftprojektkezelo.hu\/\"},{\"@type\":\"ListItem\",\"position\":2,\"name\":\"Project Management\"}]},{\"@type\":\"WebSite\",\"@id\":\"https:\/\/mftprojektkezelo.hu\/#website\",\"url\":\"https:\/\/mftprojektkezelo.hu\/\",\"name\":\"Mft ProjektKezel\u0151 Kft\",\"description\":\"\u2026 j\u00f3 kezekben, az \u00d6n \u00e9rdek\u00e9ben \u2026\",\"potentialAction\":[{\"@type\":\"SearchAction\",\"target\":{\"@type\":\"EntryPoint\",\"urlTemplate\":\"https:\/\/mftprojektkezelo.hu\/?s={search_term_string}\"},\"query-input\":{\"@type\":\"PropertyValueSpecification\",\"valueRequired\":true,\"valueName\":\"search_term_string\"}}],\"inLanguage\":\"en-US\"}]}<\/script>\n<!-- \/ Yoast SEO plugin. -->","yoast_head_json":{"title":"Project Management - Mft ProjektKezel\u0151 Kft","robots":{"index":"index","follow":"follow","max-snippet":"max-snippet:-1","max-image-preview":"max-image-preview:large","max-video-preview":"max-video-preview:-1"},"canonical":"https:\/\/mftprojektkezelo.hu\/index.php\/en\/project-management\/","og_locale":"en_US","og_type":"article","og_title":"Project Management - Mft ProjektKezel\u0151 Kft","og_description":"From the 2018 financial year, our company has set itself the goal of entering a new market with its accumulated expertise, highly qualified human resources and modern technical equipment. We&hellip;Continue readingProject Management","og_url":"https:\/\/mftprojektkezelo.hu\/index.php\/en\/project-management\/","og_site_name":"Mft ProjektKezel\u0151 Kft","article_publisher":"https:\/\/www.facebook.com\/jozsef.marosvolgyi.3","article_modified_time":"2023-07-17T10:24:55+00:00","og_image":[{"url":"https:\/\/mftprojektkezelo.hu\/wp-content\/uploads\/2023\/07\/Project-1.jpeg","type":"","width":"","height":""}],"twitter_card":"summary_large_image","schema":{"@context":"https:\/\/schema.org","@graph":[{"@type":"WebPage","@id":"https:\/\/mftprojektkezelo.hu\/index.php\/en\/project-management\/","url":"https:\/\/mftprojektkezelo.hu\/index.php\/en\/project-management\/","name":"Project Management - Mft ProjektKezel\u0151 Kft","isPartOf":{"@id":"https:\/\/mftprojektkezelo.hu\/#website"},"primaryImageOfPage":{"@id":"https:\/\/mftprojektkezelo.hu\/index.php\/en\/project-management\/#primaryimage"},"image":{"@id":"https:\/\/mftprojektkezelo.hu\/index.php\/en\/project-management\/#primaryimage"},"thumbnailUrl":"https:\/\/mftprojektkezelo.hu\/wp-content\/uploads\/2023\/07\/Project-1.jpeg","datePublished":"2023-07-17T10:24:17+00:00","dateModified":"2023-07-17T10:24:55+00:00","breadcrumb":{"@id":"https:\/\/mftprojektkezelo.hu\/index.php\/en\/project-management\/#breadcrumb"},"inLanguage":"en-US","potentialAction":[{"@type":"ReadAction","target":["https:\/\/mftprojektkezelo.hu\/index.php\/en\/project-management\/"]}]},{"@type":"ImageObject","inLanguage":"en-US","@id":"https:\/\/mftprojektkezelo.hu\/index.php\/en\/project-management\/#primaryimage","url":"https:\/\/mftprojektkezelo.hu\/wp-content\/uploads\/2023\/07\/Project-1.jpeg","contentUrl":"https:\/\/mftprojektkezelo.hu\/wp-content\/uploads\/2023\/07\/Project-1.jpeg","width":1000,"height":589,"caption":"Businessman pressing a Project concept button."},{"@type":"BreadcrumbList","@id":"https:\/\/mftprojektkezelo.hu\/index.php\/en\/project-management\/#breadcrumb","itemListElement":[{"@type":"ListItem","position":1,"name":"Home","item":"https:\/\/mftprojektkezelo.hu\/"},{"@type":"ListItem","position":2,"name":"Project Management"}]},{"@type":"WebSite","@id":"https:\/\/mftprojektkezelo.hu\/#website","url":"https:\/\/mftprojektkezelo.hu\/","name":"Mft ProjektKezel\u0151 Kft","description":"\u2026 j\u00f3 kezekben, az \u00d6n \u00e9rdek\u00e9ben \u2026","potentialAction":[{"@type":"SearchAction","target":{"@type":"EntryPoint","urlTemplate":"https:\/\/mftprojektkezelo.hu\/?s={search_term_string}"},"query-input":{"@type":"PropertyValueSpecification","valueRequired":true,"valueName":"search_term_string"}}],"inLanguage":"en-US"}]}},"_links":{"self":[{"href":"https:\/\/mftprojektkezelo.hu\/index.php\/wp-json\/wp\/v2\/pages\/100","targetHints":{"allow":["GET"]}}],"collection":[{"href":"https:\/\/mftprojektkezelo.hu\/index.php\/wp-json\/wp\/v2\/pages"}],"about":[{"href":"https:\/\/mftprojektkezelo.hu\/index.php\/wp-json\/wp\/v2\/types\/page"}],"author":[{"embeddable":true,"href":"https:\/\/mftprojektkezelo.hu\/index.php\/wp-json\/wp\/v2\/users\/1"}],"replies":[{"embeddable":true,"href":"https:\/\/mftprojektkezelo.hu\/index.php\/wp-json\/wp\/v2\/comments?post=100"}],"version-history":[{"count":1,"href":"https:\/\/mftprojektkezelo.hu\/index.php\/wp-json\/wp\/v2\/pages\/100\/revisions"}],"predecessor-version":[{"id":102,"href":"https:\/\/mftprojektkezelo.hu\/index.php\/wp-json\/wp\/v2\/pages\/100\/revisions\/102"}],"wp:attachment":[{"href":"https:\/\/mftprojektkezelo.hu\/index.php\/wp-json\/wp\/v2\/media?parent=100"}],"curies":[{"name":"wp","href":"https:\/\/api.w.org\/{rel}","templated":true}]}}