{"id":93,"date":"2023-07-17T10:18:11","date_gmt":"2023-07-17T10:18:11","guid":{"rendered":"https:\/\/mftprojektkezelo.hu\/?page_id=93"},"modified":"2023-08-23T16:46:34","modified_gmt":"2023-08-23T16:46:34","slug":"hotel-cleaning","status":"publish","type":"page","link":"https:\/\/mftprojektkezelo.hu\/index.php\/en\/hotel-cleaning\/","title":{"rendered":"Hotel Cleaning"},"content":{"rendered":"\n<div class=\"wp-block-columns is-layout-flex wp-container-core-columns-is-layout-9d6595d7 wp-block-columns-is-layout-flex\">\n<div class=\"wp-block-column is-layout-flow wp-block-column-is-layout-flow\" style=\"flex-basis:50%\">\n<figure class=\"wp-block-image size-full\"><img fetchpriority=\"high\" decoding=\"async\" width=\"612\" height=\"408\" src=\"https:\/\/mftprojektkezelo.hu\/wp-content\/uploads\/2023\/08\/maid.jpg\" alt=\"\" class=\"wp-image-119\" srcset=\"https:\/\/mftprojektkezelo.hu\/wp-content\/uploads\/2023\/08\/maid.jpg 612w, https:\/\/mftprojektkezelo.hu\/wp-content\/uploads\/2023\/08\/maid-300x200.jpg 300w, https:\/\/mftprojektkezelo.hu\/wp-content\/uploads\/2023\/08\/maid-600x400.jpg 600w, https:\/\/mftprojektkezelo.hu\/wp-content\/uploads\/2023\/08\/maid-400x267.jpg 400w\" sizes=\"(max-width: 612px) 100vw, 612px\" \/><\/figure>\n<\/div>\n\n\n\n<div class=\"wp-block-column is-layout-flow wp-block-column-is-layout-flow\" style=\"flex-basis:50%\">\n<p>For more than 10 years, our company has been contracted by prestigious, internationally renowned hotel chains. Our main profile is room cleaning and we have more than 100 maids. We have not only maids, but also housekeepers and housekeeping managers, so we can provide a full housekeeping service on request, to the highest standards. We are looking for new opportunities and challenges to become an international company through our business partners and to create the perfect housekeeping for the modern age in collaboration with the best in the business.<\/p>\n<\/div>\n<\/div>\n\n\n\n<h2 class=\"wp-block-heading\">Public spaces<\/h2>\n\n\n\n<p>With the help of our professional cleaners, even on 24-hour duty, we can clean indoor and outdoor, small and large spaces with the necessary equipment. Typically common areas frequented by hotel guests:<\/p>\n\n\n\n<div class=\"wp-block-columns is-layout-flex wp-container-core-columns-is-layout-9d6595d7 wp-block-columns-is-layout-flex\">\n<div class=\"wp-block-column is-layout-flow wp-block-column-is-layout-flow\" style=\"flex-basis:66.66%\">\n<ul class=\"wp-block-list\">\n<li>Restaurant<\/li>\n\n\n\n<li>toilets<\/li>\n\n\n\n<li>conference rooms<\/li>\n\n\n\n<li>lifts<\/li>\n\n\n\n<li>stairs<\/li>\n\n\n\n<li>terraces<\/li>\n\n\n\n<li>passageways<\/li>\n\n\n\n<li>ballrooms<\/li>\n\n\n\n<li>balconies<\/li>\n\n\n\n<li>wall coverings<\/li>\n\n\n\n<li>lighting\/lighting bodies<\/li>\n\n\n\n<li>furniture<\/li>\n\n\n\n<li>upholstery<\/li>\n\n\n\n<li>etc<\/li>\n<\/ul>\n\n\n\n<p>simultaneous cleaning of.<\/p>\n<\/div>\n\n\n\n<div class=\"wp-block-column is-layout-flow wp-block-column-is-layout-flow\" style=\"flex-basis:33.33%\">\n<figure class=\"wp-block-image size-large is-resized\"><img decoding=\"async\" src=\"https:\/\/mftprojektkezelo.hu\/wp-content\/uploads\/2023\/07\/kulter-1-1024x576.jpg\" alt=\"\" class=\"wp-image-90\" style=\"width:447px;height:251px\" width=\"447\" height=\"251\" srcset=\"https:\/\/mftprojektkezelo.hu\/wp-content\/uploads\/2023\/07\/kulter-1-1024x576.jpg 1024w, https:\/\/mftprojektkezelo.hu\/wp-content\/uploads\/2023\/07\/kulter-1-300x169.jpg 300w, https:\/\/mftprojektkezelo.hu\/wp-content\/uploads\/2023\/07\/kulter-1-768x432.jpg 768w, https:\/\/mftprojektkezelo.hu\/wp-content\/uploads\/2023\/07\/kulter-1-825x464.jpg 825w, https:\/\/mftprojektkezelo.hu\/wp-content\/uploads\/2023\/07\/kulter-1-600x337.jpg 600w, https:\/\/mftprojektkezelo.hu\/wp-content\/uploads\/2023\/07\/kulter-1-400x225.jpg 400w, https:\/\/mftprojektkezelo.hu\/wp-content\/uploads\/2023\/07\/kulter-1.jpg 1366w\" sizes=\"(max-width: 447px) 100vw, 447px\" \/><\/figure>\n<\/div>\n<\/div>\n\n\n\n<div class=\"wp-block-columns is-layout-flex wp-container-core-columns-is-layout-9d6595d7 wp-block-columns-is-layout-flex\">\n<div class=\"wp-block-column is-layout-flow wp-block-column-is-layout-flow\">\n<p>We also take care of professional spaces that are closed to guests, such as:<\/p>\n\n\n\n<ul class=\"wp-block-list\">\n<li>technical corridors<\/li>\n\n\n\n<li>changing rooms<\/li>\n\n\n\n<li>staff restaurant<\/li>\n\n\n\n<li>kitchen<\/li>\n\n\n\n<li>kitchen equipment<\/li>\n\n\n\n<li>etc.<\/li>\n<\/ul>\n<\/div>\n\n\n\n<div class=\"wp-block-column is-layout-flow wp-block-column-is-layout-flow\">\n<figure class=\"wp-block-image size-full\"><img decoding=\"async\" width=\"534\" height=\"400\" src=\"https:\/\/mftprojektkezelo.hu\/wp-content\/uploads\/2023\/07\/oltozo-1-1.jpg\" alt=\"\" class=\"wp-image-94\" srcset=\"https:\/\/mftprojektkezelo.hu\/wp-content\/uploads\/2023\/07\/oltozo-1-1.jpg 534w, https:\/\/mftprojektkezelo.hu\/wp-content\/uploads\/2023\/07\/oltozo-1-1-300x225.jpg 300w, https:\/\/mftprojektkezelo.hu\/wp-content\/uploads\/2023\/07\/oltozo-1-1-400x300.jpg 400w\" sizes=\"(max-width: 534px) 100vw, 534px\" \/><\/figure>\n<\/div>\n<\/div>\n\n\n\n<p>general cleaning on an occasional and regular basis, according to contract.<\/p>\n\n\n\n<h2 class=\"wp-block-heading\">Kitchen cleaning<\/h2>\n\n\n\n<div class=\"wp-block-columns is-layout-flex wp-container-core-columns-is-layout-9d6595d7 wp-block-columns-is-layout-flex\">\n<div class=\"wp-block-column is-layout-flow wp-block-column-is-layout-flow\">\n<figure class=\"wp-block-image size-full\"><img loading=\"lazy\" decoding=\"async\" width=\"612\" height=\"470\" src=\"https:\/\/mftprojektkezelo.hu\/wp-content\/uploads\/2023\/07\/iparikonyga-1.jpg\" alt=\"\" class=\"wp-image-95\" srcset=\"https:\/\/mftprojektkezelo.hu\/wp-content\/uploads\/2023\/07\/iparikonyga-1.jpg 612w, https:\/\/mftprojektkezelo.hu\/wp-content\/uploads\/2023\/07\/iparikonyga-1-300x230.jpg 300w, https:\/\/mftprojektkezelo.hu\/wp-content\/uploads\/2023\/07\/iparikonyga-1-600x461.jpg 600w, https:\/\/mftprojektkezelo.hu\/wp-content\/uploads\/2023\/07\/iparikonyga-1-400x307.jpg 400w\" sizes=\"(max-width: 612px) 100vw, 612px\" \/><\/figure>\n<\/div>\n\n\n\n<div class=\"wp-block-column is-layout-flow wp-block-column-is-layout-flow\">\n<p>Special environments require a special solution. An industrial kitchen is not comparable to a home kitchen. The thickness of the dirt accumulation, the intensity of the accumulation, the time of the accumulation, the extreme working hours (night work), the humidity, all pose extra challenges!\u2026 But not for us!<\/p>\n\n\n\n<p>Our company has gained considerable experience over the years. Cleaning heavily contaminated kitchens quickly and thoroughly, in compliance with official standards, always bearing in mind the specific needs of the customer (operation, opening hours, etc.). We can meet these requirements, with the help of the high level of machinery, the professional experience of our colleagues, their high level of chemical knowledge and their high workload.<\/p>\n\n\n\n<p>Our company therefore strives to offer not the cheapest, but the most cost-effective, best value for money quotation for each tender.<\/p>\n\n\n\n<p><\/p>\n\n\n\n<p><\/p>\n<\/div>\n<\/div>\n\n\n\n<div class=\"wp-block-columns is-layout-flex wp-container-core-columns-is-layout-9d6595d7 wp-block-columns-is-layout-flex\">\n<div class=\"wp-block-column is-layout-flow wp-block-column-is-layout-flow\">\n<h2 class=\"wp-block-heading\">Special  Environments<\/h2>\n\n\n\n<div class=\"wp-block-columns is-layout-flex wp-container-core-columns-is-layout-9d6595d7 wp-block-columns-is-layout-flex\">\n<div class=\"wp-block-column is-layout-flow wp-block-column-is-layout-flow\">\n<p>One of our references is a server room company in Budapest. At their request, we carried out in-service cleaning of the suspended floor of their newly built server room, equipped with state-of-the-art tools and technologies, and the areas underneath.<\/p>\n\n\n\n<p>The daily cleaning of the wellness and fitness area of the Flamenco Hotel was carried out to the highest standards, in accordance with the needs of the guests.<\/p>\n\n\n\n<p>Minimal hygiene of the outdoor area for the huge number of participants in the People&#8217;s Island Run.<\/p>\n\n\n\n<p>Our company undertakes post-work cleaning of construction and renovation sites, one-off and flat-rate contract cleaning of office environments, cleaning of home environments (apartments, houses, holiday homes).<\/p>\n<\/div>\n\n\n\n<div class=\"wp-block-column is-layout-flow wp-block-column-is-layout-flow\">\n<figure class=\"wp-block-image size-full is-resized\"><img loading=\"lazy\" decoding=\"async\" src=\"https:\/\/mftprojektkezelo.hu\/wp-content\/uploads\/2023\/07\/szerverszoba-1.webp\" alt=\"\" class=\"wp-image-96\" style=\"width:503px;height:335px\" width=\"503\" height=\"335\" srcset=\"https:\/\/mftprojektkezelo.hu\/wp-content\/uploads\/2023\/07\/szerverszoba-1.webp 600w, https:\/\/mftprojektkezelo.hu\/wp-content\/uploads\/2023\/07\/szerverszoba-1-300x200.webp 300w, https:\/\/mftprojektkezelo.hu\/wp-content\/uploads\/2023\/07\/szerverszoba-1-400x267.webp 400w\" sizes=\"(max-width: 503px) 100vw, 503px\" \/><\/figure>\n<\/div>\n<\/div>\n<\/div>\n<\/div>\n\n\n<div class=\"wp-block-image wp-duotone-unset-1\">\n<figure class=\"aligncenter size-full\"><img loading=\"lazy\" decoding=\"async\" width=\"1024\" height=\"538\" src=\"https:\/\/mftprojektkezelo.hu\/wp-content\/uploads\/2023\/07\/wellnes-1024x538-1.jpg\" alt=\"\" class=\"wp-image-98\" srcset=\"https:\/\/mftprojektkezelo.hu\/wp-content\/uploads\/2023\/07\/wellnes-1024x538-1.jpg 1024w, https:\/\/mftprojektkezelo.hu\/wp-content\/uploads\/2023\/07\/wellnes-1024x538-1-300x158.jpg 300w, https:\/\/mftprojektkezelo.hu\/wp-content\/uploads\/2023\/07\/wellnes-1024x538-1-768x404.jpg 768w, https:\/\/mftprojektkezelo.hu\/wp-content\/uploads\/2023\/07\/wellnes-1024x538-1-825x433.jpg 825w, https:\/\/mftprojektkezelo.hu\/wp-content\/uploads\/2023\/07\/wellnes-1024x538-1-600x315.jpg 600w, https:\/\/mftprojektkezelo.hu\/wp-content\/uploads\/2023\/07\/wellnes-1024x538-1-400x210.jpg 400w\" sizes=\"(max-width: 1024px) 100vw, 1024px\" \/><\/figure>\n<\/div>","protected":false},"excerpt":{"rendered":"<p>For more than 10 years, our company has been contracted by prestigious, internationally renowned hotel chains. Our main profile is room cleaning and we have more than 100 maids. We&hellip;<a href=\"https:\/\/mftprojektkezelo.hu\/index.php\/en\/hotel-cleaning\/\" class=\"more-link\"><span class=\"more-button\">Continue reading<span class=\"screen-reader-text\">Hotel Cleaning<\/span><\/span><\/a><\/p>\n","protected":false},"author":1,"featured_media":0,"parent":0,"menu_order":0,"comment_status":"closed","ping_status":"closed","template":"templates\/full-width-page.php","meta":{"footnotes":""},"class_list":["post-93","page","type-page","status-publish","hentry"],"yoast_head":"<!-- This site is optimized with the Yoast SEO plugin v27.2 - https:\/\/yoast.com\/product\/yoast-seo-wordpress\/ -->\n<title>Hotel Cleaning - Mft ProjektKezel\u0151 Kft<\/title>\n<meta name=\"robots\" content=\"index, follow, max-snippet:-1, max-image-preview:large, max-video-preview:-1\" \/>\n<link rel=\"canonical\" href=\"https:\/\/mftprojektkezelo.hu\/index.php\/en\/hotel-cleaning\/\" \/>\n<meta property=\"og:locale\" content=\"en_US\" \/>\n<meta property=\"og:type\" content=\"article\" \/>\n<meta property=\"og:title\" content=\"Hotel Cleaning - Mft ProjektKezel\u0151 Kft\" \/>\n<meta property=\"og:description\" content=\"For more than 10 years, our company has been contracted by prestigious, internationally renowned hotel chains. Our main profile is room cleaning and we have more than 100 maids. We&hellip;Continue readingHotel Cleaning\" \/>\n<meta property=\"og:url\" content=\"https:\/\/mftprojektkezelo.hu\/index.php\/en\/hotel-cleaning\/\" \/>\n<meta property=\"og:site_name\" content=\"Mft ProjektKezel\u0151 Kft\" \/>\n<meta property=\"article:publisher\" content=\"https:\/\/www.facebook.com\/jozsef.marosvolgyi.3\" \/>\n<meta property=\"article:modified_time\" content=\"2023-08-23T16:46:34+00:00\" \/>\n<meta property=\"og:image\" content=\"https:\/\/mftprojektkezelo.hu\/wp-content\/uploads\/2023\/08\/maid.jpg\" \/>\n<meta name=\"twitter:card\" content=\"summary_large_image\" \/>\n<meta name=\"twitter:label1\" content=\"Est. reading time\" \/>\n\t<meta name=\"twitter:data1\" content=\"4 minutes\" \/>\n<script type=\"application\/ld+json\" class=\"yoast-schema-graph\">{\"@context\":\"https:\/\/schema.org\",\"@graph\":[{\"@type\":\"WebPage\",\"@id\":\"https:\/\/mftprojektkezelo.hu\/index.php\/en\/hotel-cleaning\/\",\"url\":\"https:\/\/mftprojektkezelo.hu\/index.php\/en\/hotel-cleaning\/\",\"name\":\"Hotel Cleaning - Mft ProjektKezel\u0151 Kft\",\"isPartOf\":{\"@id\":\"https:\/\/mftprojektkezelo.hu\/#website\"},\"primaryImageOfPage\":{\"@id\":\"https:\/\/mftprojektkezelo.hu\/index.php\/en\/hotel-cleaning\/#primaryimage\"},\"image\":{\"@id\":\"https:\/\/mftprojektkezelo.hu\/index.php\/en\/hotel-cleaning\/#primaryimage\"},\"thumbnailUrl\":\"https:\/\/mftprojektkezelo.hu\/wp-content\/uploads\/2023\/08\/maid.jpg\",\"datePublished\":\"2023-07-17T10:18:11+00:00\",\"dateModified\":\"2023-08-23T16:46:34+00:00\",\"breadcrumb\":{\"@id\":\"https:\/\/mftprojektkezelo.hu\/index.php\/en\/hotel-cleaning\/#breadcrumb\"},\"inLanguage\":\"en-US\",\"potentialAction\":[{\"@type\":\"ReadAction\",\"target\":[\"https:\/\/mftprojektkezelo.hu\/index.php\/en\/hotel-cleaning\/\"]}]},{\"@type\":\"ImageObject\",\"inLanguage\":\"en-US\",\"@id\":\"https:\/\/mftprojektkezelo.hu\/index.php\/en\/hotel-cleaning\/#primaryimage\",\"url\":\"https:\/\/mftprojektkezelo.hu\/wp-content\/uploads\/2023\/08\/maid.jpg\",\"contentUrl\":\"https:\/\/mftprojektkezelo.hu\/wp-content\/uploads\/2023\/08\/maid.jpg\",\"width\":612,\"height\":408},{\"@type\":\"BreadcrumbList\",\"@id\":\"https:\/\/mftprojektkezelo.hu\/index.php\/en\/hotel-cleaning\/#breadcrumb\",\"itemListElement\":[{\"@type\":\"ListItem\",\"position\":1,\"name\":\"Home\",\"item\":\"https:\/\/mftprojektkezelo.hu\/\"},{\"@type\":\"ListItem\",\"position\":2,\"name\":\"Hotel Cleaning\"}]},{\"@type\":\"WebSite\",\"@id\":\"https:\/\/mftprojektkezelo.hu\/#website\",\"url\":\"https:\/\/mftprojektkezelo.hu\/\",\"name\":\"Mft ProjektKezel\u0151 Kft\",\"description\":\"\u2026 j\u00f3 kezekben, az \u00d6n \u00e9rdek\u00e9ben \u2026\",\"potentialAction\":[{\"@type\":\"SearchAction\",\"target\":{\"@type\":\"EntryPoint\",\"urlTemplate\":\"https:\/\/mftprojektkezelo.hu\/?s={search_term_string}\"},\"query-input\":{\"@type\":\"PropertyValueSpecification\",\"valueRequired\":true,\"valueName\":\"search_term_string\"}}],\"inLanguage\":\"en-US\"}]}<\/script>\n<!-- \/ Yoast SEO plugin. -->","yoast_head_json":{"title":"Hotel Cleaning - Mft ProjektKezel\u0151 Kft","robots":{"index":"index","follow":"follow","max-snippet":"max-snippet:-1","max-image-preview":"max-image-preview:large","max-video-preview":"max-video-preview:-1"},"canonical":"https:\/\/mftprojektkezelo.hu\/index.php\/en\/hotel-cleaning\/","og_locale":"en_US","og_type":"article","og_title":"Hotel Cleaning - Mft ProjektKezel\u0151 Kft","og_description":"For more than 10 years, our company has been contracted by prestigious, internationally renowned hotel chains. Our main profile is room cleaning and we have more than 100 maids. We&hellip;Continue readingHotel Cleaning","og_url":"https:\/\/mftprojektkezelo.hu\/index.php\/en\/hotel-cleaning\/","og_site_name":"Mft ProjektKezel\u0151 Kft","article_publisher":"https:\/\/www.facebook.com\/jozsef.marosvolgyi.3","article_modified_time":"2023-08-23T16:46:34+00:00","og_image":[{"url":"https:\/\/mftprojektkezelo.hu\/wp-content\/uploads\/2023\/08\/maid.jpg","type":"","width":"","height":""}],"twitter_card":"summary_large_image","twitter_misc":{"Est. reading time":"4 minutes"},"schema":{"@context":"https:\/\/schema.org","@graph":[{"@type":"WebPage","@id":"https:\/\/mftprojektkezelo.hu\/index.php\/en\/hotel-cleaning\/","url":"https:\/\/mftprojektkezelo.hu\/index.php\/en\/hotel-cleaning\/","name":"Hotel Cleaning - Mft ProjektKezel\u0151 Kft","isPartOf":{"@id":"https:\/\/mftprojektkezelo.hu\/#website"},"primaryImageOfPage":{"@id":"https:\/\/mftprojektkezelo.hu\/index.php\/en\/hotel-cleaning\/#primaryimage"},"image":{"@id":"https:\/\/mftprojektkezelo.hu\/index.php\/en\/hotel-cleaning\/#primaryimage"},"thumbnailUrl":"https:\/\/mftprojektkezelo.hu\/wp-content\/uploads\/2023\/08\/maid.jpg","datePublished":"2023-07-17T10:18:11+00:00","dateModified":"2023-08-23T16:46:34+00:00","breadcrumb":{"@id":"https:\/\/mftprojektkezelo.hu\/index.php\/en\/hotel-cleaning\/#breadcrumb"},"inLanguage":"en-US","potentialAction":[{"@type":"ReadAction","target":["https:\/\/mftprojektkezelo.hu\/index.php\/en\/hotel-cleaning\/"]}]},{"@type":"ImageObject","inLanguage":"en-US","@id":"https:\/\/mftprojektkezelo.hu\/index.php\/en\/hotel-cleaning\/#primaryimage","url":"https:\/\/mftprojektkezelo.hu\/wp-content\/uploads\/2023\/08\/maid.jpg","contentUrl":"https:\/\/mftprojektkezelo.hu\/wp-content\/uploads\/2023\/08\/maid.jpg","width":612,"height":408},{"@type":"BreadcrumbList","@id":"https:\/\/mftprojektkezelo.hu\/index.php\/en\/hotel-cleaning\/#breadcrumb","itemListElement":[{"@type":"ListItem","position":1,"name":"Home","item":"https:\/\/mftprojektkezelo.hu\/"},{"@type":"ListItem","position":2,"name":"Hotel Cleaning"}]},{"@type":"WebSite","@id":"https:\/\/mftprojektkezelo.hu\/#website","url":"https:\/\/mftprojektkezelo.hu\/","name":"Mft ProjektKezel\u0151 Kft","description":"\u2026 j\u00f3 kezekben, az \u00d6n \u00e9rdek\u00e9ben \u2026","potentialAction":[{"@type":"SearchAction","target":{"@type":"EntryPoint","urlTemplate":"https:\/\/mftprojektkezelo.hu\/?s={search_term_string}"},"query-input":{"@type":"PropertyValueSpecification","valueRequired":true,"valueName":"search_term_string"}}],"inLanguage":"en-US"}]}},"_links":{"self":[{"href":"https:\/\/mftprojektkezelo.hu\/index.php\/wp-json\/wp\/v2\/pages\/93","targetHints":{"allow":["GET"]}}],"collection":[{"href":"https:\/\/mftprojektkezelo.hu\/index.php\/wp-json\/wp\/v2\/pages"}],"about":[{"href":"https:\/\/mftprojektkezelo.hu\/index.php\/wp-json\/wp\/v2\/types\/page"}],"author":[{"embeddable":true,"href":"https:\/\/mftprojektkezelo.hu\/index.php\/wp-json\/wp\/v2\/users\/1"}],"replies":[{"embeddable":true,"href":"https:\/\/mftprojektkezelo.hu\/index.php\/wp-json\/wp\/v2\/comments?post=93"}],"version-history":[{"count":2,"href":"https:\/\/mftprojektkezelo.hu\/index.php\/wp-json\/wp\/v2\/pages\/93\/revisions"}],"predecessor-version":[{"id":120,"href":"https:\/\/mftprojektkezelo.hu\/index.php\/wp-json\/wp\/v2\/pages\/93\/revisions\/120"}],"wp:attachment":[{"href":"https:\/\/mftprojektkezelo.hu\/index.php\/wp-json\/wp\/v2\/media?parent=93"}],"curies":[{"name":"wp","href":"https:\/\/api.w.org\/{rel}","templated":true}]}}